{"id":14,"date":"2024-09-08T22:18:56","date_gmt":"2024-09-08T22:18:56","guid":{"rendered":"https:\/\/rcbroadcast.com.br\/?page_id=14"},"modified":"2024-12-03T17:39:36","modified_gmt":"2024-12-03T17:39:36","slug":"home","status":"publish","type":"page","link":"https:\/\/rcbroadcast.com.br\/","title":{"rendered":"Home"},"content":{"rendered":"\t\t<div data-elementor-type=\"wp-page\" data-elementor-id=\"14\" class=\"elementor elementor-14\">\n\t\t\t\t<div class=\"elementor-element elementor-element-2aabaaa e-flex e-con-boxed e-con e-parent\" data-id=\"2aabaaa\" data-element_type=\"container\">\n\t\t\t\t\t<div class=\"e-con-inner\">\n\t\t\t\t<div class=\"elementor-element elementor-element-b35732a elementor-widget elementor-widget-shortcode\" data-id=\"b35732a\" data-element_type=\"widget\" data-widget_type=\"shortcode.default\">\n\t\t\t\t<div class=\"elementor-widget-container\">\n\t\t\t\t\t<div class=\"elementor-shortcode\"><div id=\"metaslider-id-23\" style=\"width: 100%;\" class=\"ml-slider-3-90-1 metaslider metaslider-flex metaslider-23 ml-slider ms-theme-default nav-hidden\" role=\"region\" aria-roledescription=\"Slideshow\" aria-label=\"New Slideshow\">\n    <div id=\"metaslider_container_23\">\n        <div id=\"metaslider_23\">\n            <ul class='slides'>\n                <li style=\"display: block; width: 100%;\" class=\"slide-25 ms-image \" aria-roledescription=\"slide\" aria-label=\"slide-25\"><img fetchpriority=\"high\" decoding=\"async\" src=\"https:\/\/rcbroadcast.com.br\/wp-content\/uploads\/2024\/09\/meta-1-.png\" height=\"300\" width=\"1280\" alt=\"\" class=\"slider-23 slide-25\" title=\"meta 1\" \/><\/li>\n                <li style=\"display: none; width: 100%;\" class=\"slide-150 ms-image \" aria-roledescription=\"slide\" aria-label=\"slide-150\"><img decoding=\"async\" src=\"https:\/\/rcbroadcast.com.br\/wp-content\/uploads\/2024\/09\/meta-2.png\" height=\"300\" width=\"1280\" alt=\"\" class=\"slider-23 slide-150\" title=\"meta 2\" \/><\/li>\n            <\/ul>\n        <\/div>\n        \n    <\/div>\n<\/div><\/div>\n\t\t\t\t<\/div>\n\t\t\t\t<\/div>\n\t\t\t\t\t<\/div>\n\t\t\t\t<\/div>\n\t\t<div class=\"elementor-element elementor-element-14caa88 e-flex e-con-boxed e-con e-parent\" data-id=\"14caa88\" data-element_type=\"container\" data-settings=\"{&quot;background_background&quot;:&quot;classic&quot;}\">\n\t\t\t\t\t<div class=\"e-con-inner\">\n\t\t<div class=\"elementor-element elementor-element-16b7fd9 e-con-full e-flex e-con e-child\" data-id=\"16b7fd9\" data-element_type=\"container\">\n\t\t\t\t<div class=\"elementor-element elementor-element-7c3e3b4 elementor-widget__width-initial elementor-widget elementor-widget-image\" data-id=\"7c3e3b4\" data-element_type=\"widget\" data-widget_type=\"image.default\">\n\t\t\t\t<div class=\"elementor-widget-container\">\n\t\t\t<style>\/*! elementor - v3.23.0 - 05-08-2024 *\/\n.elementor-widget-image{text-align:center}.elementor-widget-image a{display:inline-block}.elementor-widget-image a img[src$=\".svg\"]{width:48px}.elementor-widget-image img{vertical-align:middle;display:inline-block}<\/style>\t\t\t\t\t\t\t\t\t\t<img decoding=\"async\" width=\"1024\" height=\"576\" src=\"https:\/\/rcbroadcast.com.br\/wp-content\/uploads\/2024\/09\/obra-1-1024x576.png\" class=\"attachment-large size-large wp-image-175\" alt=\"\" srcset=\"https:\/\/rcbroadcast.com.br\/wp-content\/uploads\/2024\/09\/obra-1-1024x576.png 1024w, https:\/\/rcbroadcast.com.br\/wp-content\/uploads\/2024\/09\/obra-1-300x169.png 300w, https:\/\/rcbroadcast.com.br\/wp-content\/uploads\/2024\/09\/obra-1-768x432.png 768w, https:\/\/rcbroadcast.com.br\/wp-content\/uploads\/2024\/09\/obra-1-1536x864.png 1536w, https:\/\/rcbroadcast.com.br\/wp-content\/uploads\/2024\/09\/obra-1-800x450.png 800w, https:\/\/rcbroadcast.com.br\/wp-content\/uploads\/2024\/09\/obra-1-1320x743.png 1320w, https:\/\/rcbroadcast.com.br\/wp-content\/uploads\/2024\/09\/obra-1.png 1600w\" sizes=\"(max-width: 1024px) 100vw, 1024px\" \/>\t\t\t\t\t\t\t\t\t\t\t\t\t<\/div>\n\t\t\t\t<\/div>\n\t\t\t\t<\/div>\n\t\t<div class=\"elementor-element elementor-element-cf4b119 e-con-full e-flex e-con e-child\" data-id=\"cf4b119\" data-element_type=\"container\">\n\t\t\t\t<div class=\"elementor-element elementor-element-8baa71d elementor-widget elementor-widget-text-editor\" data-id=\"8baa71d\" data-element_type=\"widget\" data-widget_type=\"text-editor.default\">\n\t\t\t\t<div class=\"elementor-widget-container\">\n\t\t\t<style>\/*! elementor - v3.23.0 - 05-08-2024 *\/\n.elementor-widget-text-editor.elementor-drop-cap-view-stacked .elementor-drop-cap{background-color:#69727d;color:#fff}.elementor-widget-text-editor.elementor-drop-cap-view-framed .elementor-drop-cap{color:#69727d;border:3px solid;background-color:transparent}.elementor-widget-text-editor:not(.elementor-drop-cap-view-default) .elementor-drop-cap{margin-top:8px}.elementor-widget-text-editor:not(.elementor-drop-cap-view-default) .elementor-drop-cap-letter{width:1em;height:1em}.elementor-widget-text-editor .elementor-drop-cap{float:left;text-align:center;line-height:1;font-size:50px}.elementor-widget-text-editor .elementor-drop-cap-letter{display:inline-block}<\/style>\t\t\t\t<p><strong><span style=\"color: #ffffff;\">L\u00edder em solu\u00e7\u00f5es de broadcast, oferecemos&nbsp;produtos e servi\u00e7os de alta qualidade para&nbsp;<\/span><\/strong><strong><span style=\"color: #ffffff;\">transmiss\u00e3o de \u00e1udio, dados e v\u00eddeo.<\/span><\/strong><\/p>\n<p><strong><span style=\"color: #ffffff;\">Nossa equipe experiente garante tecnologia avan\u00e7ada&nbsp;e solu\u00e7\u00f5es personalizadas, como equipamentos&nbsp;de ilumina\u00e7\u00e3o, trilhos motorizados para cam\u00earas&nbsp;PTZ, automa\u00e7\u00e3o de c\u00e2meras e cen\u00e1rios para&nbsp;podcasts. Focamos na satisfa\u00e7\u00e3o do cliente com&nbsp;<\/span><\/strong><strong><span style=\"color: #ffffff;\">consultoria, instala\u00e7\u00e3o e suporte t\u00e9cnico de&nbsp;excel\u00eancia.<\/span><\/strong><\/p>\t\t\t\t\t\t<\/div>\n\t\t\t\t<\/div>\n\t\t\t\t<\/div>\n\t\t\t\t\t<\/div>\n\t\t\t\t<\/div>\n\t\t<div class=\"elementor-element elementor-element-1f27e8b e-flex e-con-boxed e-con e-parent\" data-id=\"1f27e8b\" data-element_type=\"container\">\n\t\t\t\t\t<div class=\"e-con-inner\">\n\t\t\t\t<div class=\"elementor-element elementor-element-db71ec6 elementor-widget elementor-widget-heading\" data-id=\"db71ec6\" data-element_type=\"widget\" data-widget_type=\"heading.default\">\n\t\t\t\t<div class=\"elementor-widget-container\">\n\t\t\t<style>\/*! elementor - v3.23.0 - 05-08-2024 *\/\n.elementor-heading-title{padding:0;margin:0;line-height:1}.elementor-widget-heading .elementor-heading-title[class*=elementor-size-]>a{color:inherit;font-size:inherit;line-height:inherit}.elementor-widget-heading .elementor-heading-title.elementor-size-small{font-size:15px}.elementor-widget-heading .elementor-heading-title.elementor-size-medium{font-size:19px}.elementor-widget-heading .elementor-heading-title.elementor-size-large{font-size:29px}.elementor-widget-heading .elementor-heading-title.elementor-size-xl{font-size:39px}.elementor-widget-heading .elementor-heading-title.elementor-size-xxl{font-size:59px}<\/style><h2 class=\"elementor-heading-title elementor-size-default\">Produtos mais vendidos <\/h2>\t\t<\/div>\n\t\t\t\t<\/div>\n\t\t\t\t\t<\/div>\n\t\t\t\t<\/div>\n\t\t<div class=\"elementor-element elementor-element-1d2e34f e-grid e-con-boxed e-con e-parent\" data-id=\"1d2e34f\" data-element_type=\"container\">\n\t\t\t\t\t<div class=\"e-con-inner\">\n\t\t\t\t<div class=\"elementor-element elementor-element-1eee157 elementor-widget elementor-widget-image\" data-id=\"1eee157\" data-element_type=\"widget\" data-widget_type=\"image.default\">\n\t\t\t\t<div class=\"elementor-widget-container\">\n\t\t\t\t\t\t\t\t\t\t\t\t\t\t<a href=\"https:\/\/rcbroadcast.com.br\/index.php\/lume-64-ww-w-dmx\/\">\n\t\t\t\t\t\t\t<img loading=\"lazy\" decoding=\"async\" width=\"1000\" height=\"1000\" src=\"https:\/\/rcbroadcast.com.br\/wp-content\/uploads\/2024\/09\/LUME-64-WW-W-DMX-2.png\" class=\"attachment-large size-large wp-image-100\" alt=\"\" srcset=\"https:\/\/rcbroadcast.com.br\/wp-content\/uploads\/2024\/09\/LUME-64-WW-W-DMX-2.png 1000w, https:\/\/rcbroadcast.com.br\/wp-content\/uploads\/2024\/09\/LUME-64-WW-W-DMX-2-300x300.png 300w, https:\/\/rcbroadcast.com.br\/wp-content\/uploads\/2024\/09\/LUME-64-WW-W-DMX-2-150x150.png 150w, https:\/\/rcbroadcast.com.br\/wp-content\/uploads\/2024\/09\/LUME-64-WW-W-DMX-2-768x768.png 768w, https:\/\/rcbroadcast.com.br\/wp-content\/uploads\/2024\/09\/LUME-64-WW-W-DMX-2-600x600.png 600w\" sizes=\"(max-width: 1000px) 100vw, 1000px\" \/>\t\t\t\t\t\t\t\t<\/a>\n\t\t\t\t\t\t\t\t\t\t\t\t\t<\/div>\n\t\t\t\t<\/div>\n\t\t\t\t<div class=\"elementor-element elementor-element-15853fe elementor-widget elementor-widget-image\" data-id=\"15853fe\" data-element_type=\"widget\" data-widget_type=\"image.default\">\n\t\t\t\t<div class=\"elementor-widget-container\">\n\t\t\t\t\t\t\t\t\t\t\t\t\t\t<a href=\"https:\/\/rcbroadcast.com.br\/index.php\/lume-led-120-dmx-tv\/\">\n\t\t\t\t\t\t\t<img loading=\"lazy\" decoding=\"async\" width=\"1000\" height=\"1000\" src=\"https:\/\/rcbroadcast.com.br\/wp-content\/uploads\/2024\/09\/LUME-LED-120-DMX-TV-3-1.png\" class=\"attachment-large size-large wp-image-141\" alt=\"\" srcset=\"https:\/\/rcbroadcast.com.br\/wp-content\/uploads\/2024\/09\/LUME-LED-120-DMX-TV-3-1.png 1000w, https:\/\/rcbroadcast.com.br\/wp-content\/uploads\/2024\/09\/LUME-LED-120-DMX-TV-3-1-300x300.png 300w, https:\/\/rcbroadcast.com.br\/wp-content\/uploads\/2024\/09\/LUME-LED-120-DMX-TV-3-1-150x150.png 150w, https:\/\/rcbroadcast.com.br\/wp-content\/uploads\/2024\/09\/LUME-LED-120-DMX-TV-3-1-768x768.png 768w, https:\/\/rcbroadcast.com.br\/wp-content\/uploads\/2024\/09\/LUME-LED-120-DMX-TV-3-1-600x600.png 600w\" sizes=\"(max-width: 1000px) 100vw, 1000px\" \/>\t\t\t\t\t\t\t\t<\/a>\n\t\t\t\t\t\t\t\t\t\t\t\t\t<\/div>\n\t\t\t\t<\/div>\n\t\t\t\t<div class=\"elementor-element elementor-element-fb8923f elementor-widget elementor-widget-image\" data-id=\"fb8923f\" data-element_type=\"widget\" data-widget_type=\"image.default\">\n\t\t\t\t<div class=\"elementor-widget-container\">\n\t\t\t\t\t\t\t\t\t\t\t\t\t\t<a href=\"https:\/\/rcbroadcast.com.br\/index.php\/lume-18-s\/\">\n\t\t\t\t\t\t\t<img loading=\"lazy\" decoding=\"async\" width=\"1000\" height=\"1000\" src=\"https:\/\/rcbroadcast.com.br\/wp-content\/uploads\/2024\/09\/LUME-18-S-1.png\" class=\"attachment-large size-large wp-image-109\" alt=\"\" srcset=\"https:\/\/rcbroadcast.com.br\/wp-content\/uploads\/2024\/09\/LUME-18-S-1.png 1000w, https:\/\/rcbroadcast.com.br\/wp-content\/uploads\/2024\/09\/LUME-18-S-1-300x300.png 300w, https:\/\/rcbroadcast.com.br\/wp-content\/uploads\/2024\/09\/LUME-18-S-1-150x150.png 150w, https:\/\/rcbroadcast.com.br\/wp-content\/uploads\/2024\/09\/LUME-18-S-1-768x768.png 768w, https:\/\/rcbroadcast.com.br\/wp-content\/uploads\/2024\/09\/LUME-18-S-1-600x600.png 600w\" sizes=\"(max-width: 1000px) 100vw, 1000px\" \/>\t\t\t\t\t\t\t\t<\/a>\n\t\t\t\t\t\t\t\t\t\t\t\t\t<\/div>\n\t\t\t\t<\/div>\n\t\t\t\t\t<\/div>\n\t\t\t\t<\/div>\n\t\t<div class=\"elementor-element elementor-element-f4f6140 e-grid e-con-boxed e-con e-parent\" data-id=\"f4f6140\" data-element_type=\"container\">\n\t\t\t\t\t<div class=\"e-con-inner\">\n\t\t\t\t<div class=\"elementor-element elementor-element-73ef6ec elementor-widget elementor-widget-heading\" data-id=\"73ef6ec\" data-element_type=\"widget\" data-widget_type=\"heading.default\">\n\t\t\t\t<div class=\"elementor-widget-container\">\n\t\t\t<h2 class=\"elementor-heading-title elementor-size-default\">LUME-64-WW-W-DMX<\/h2>\t\t<\/div>\n\t\t\t\t<\/div>\n\t\t\t\t<div class=\"elementor-element elementor-element-fa536e2 elementor-widget elementor-widget-heading\" data-id=\"fa536e2\" data-element_type=\"widget\" data-widget_type=\"heading.default\">\n\t\t\t\t<div class=\"elementor-widget-container\">\n\t\t\t<h2 class=\"elementor-heading-title elementor-size-default\">LUME LED 120-DMX-TV<\/h2>\t\t<\/div>\n\t\t\t\t<\/div>\n\t\t\t\t<div class=\"elementor-element elementor-element-9b07223 elementor-widget elementor-widget-heading\" data-id=\"9b07223\" data-element_type=\"widget\" data-widget_type=\"heading.default\">\n\t\t\t\t<div class=\"elementor-widget-container\">\n\t\t\t<h2 class=\"elementor-heading-title elementor-size-default\"><span style=\"color: rgb(51, 51, 51); font-family: &quot;Open Sans&quot;, sans-serif; font-size: 20px; font-style: normal; font-variant-ligatures: normal; font-variant-caps: normal; font-weight: 600; white-space: normal; text-align: var(--text-align); background-color: rgb(255, 255, 255); display: inline !important; float: none;\">LUME 18-S<\/span><\/h2>\t\t<\/div>\n\t\t\t\t<\/div>\n\t\t\t\t\t<\/div>\n\t\t\t\t<\/div>\n\t\t<div class=\"elementor-element elementor-element-3bc5c3e e-grid e-con-boxed e-con e-parent\" data-id=\"3bc5c3e\" data-element_type=\"container\" data-settings=\"{&quot;background_background&quot;:&quot;classic&quot;}\">\n\t\t\t\t\t<div class=\"e-con-inner\">\n\t\t\t\t<div class=\"elementor-element elementor-element-2fb3437 elementor-widget elementor-widget-image\" data-id=\"2fb3437\" data-element_type=\"widget\" data-widget_type=\"image.default\">\n\t\t\t\t<div class=\"elementor-widget-container\">\n\t\t\t\t\t\t\t\t\t\t\t\t\t<img loading=\"lazy\" decoding=\"async\" width=\"1024\" height=\"461\" src=\"https:\/\/rcbroadcast.com.br\/wp-content\/uploads\/2024\/09\/FOTO-1-1-1024x461.png\" class=\"attachment-large size-large wp-image-179\" alt=\"\" srcset=\"https:\/\/rcbroadcast.com.br\/wp-content\/uploads\/2024\/09\/FOTO-1-1-1024x461.png 1024w, https:\/\/rcbroadcast.com.br\/wp-content\/uploads\/2024\/09\/FOTO-1-1-300x135.png 300w, https:\/\/rcbroadcast.com.br\/wp-content\/uploads\/2024\/09\/FOTO-1-1-768x346.png 768w, https:\/\/rcbroadcast.com.br\/wp-content\/uploads\/2024\/09\/FOTO-1-1-1536x691.png 1536w, https:\/\/rcbroadcast.com.br\/wp-content\/uploads\/2024\/09\/FOTO-1-1-1320x594.png 1320w, https:\/\/rcbroadcast.com.br\/wp-content\/uploads\/2024\/09\/FOTO-1-1.png 1600w\" sizes=\"(max-width: 1024px) 100vw, 1024px\" \/>\t\t\t\t\t\t\t\t\t\t\t\t\t<\/div>\n\t\t\t\t<\/div>\n\t\t<div class=\"elementor-element elementor-element-fefbe49 e-con-full e-flex e-con e-child\" data-id=\"fefbe49\" data-element_type=\"container\">\n\t\t\t\t<div class=\"elementor-element elementor-element-2863338 elementor-widget elementor-widget-heading\" data-id=\"2863338\" data-element_type=\"widget\" data-widget_type=\"heading.default\">\n\t\t\t\t<div class=\"elementor-widget-container\">\n\t\t\t<h2 class=\"elementor-heading-title elementor-size-default\">PODCAST<\/h2>\t\t<\/div>\n\t\t\t\t<\/div>\n\t\t<div class=\"elementor-element elementor-element-fa208d8 e-con-full e-flex e-con e-child\" data-id=\"fa208d8\" data-element_type=\"container\">\n\t\t\t\t<div class=\"elementor-element elementor-element-b7a5f3c elementor-widget elementor-widget-text-editor\" data-id=\"b7a5f3c\" data-element_type=\"widget\" data-widget_type=\"text-editor.default\">\n\t\t\t\t<div class=\"elementor-widget-container\">\n\t\t\t\t\t\t\t<p>Com um est\u00fadio de podcast profissional, sua\u00a0empresa pode transformar completamente a\u00a0maneira de se comunicar com clientes e\u00a0colaboradores.<\/p>\t\t\t\t\t\t<\/div>\n\t\t\t\t<\/div>\n\t\t\t\t<\/div>\n\t\t\t\t<\/div>\n\t\t\t\t\t<\/div>\n\t\t\t\t<\/div>\n\t\t<div class=\"elementor-element elementor-element-5af5363 e-grid e-con-boxed e-con e-parent\" data-id=\"5af5363\" data-element_type=\"container\" data-settings=\"{&quot;background_background&quot;:&quot;classic&quot;}\">\n\t\t\t\t\t<div class=\"e-con-inner\">\n\t\t<div class=\"elementor-element elementor-element-489d657 e-con-full e-flex e-con e-child\" data-id=\"489d657\" data-element_type=\"container\">\n\t\t\t\t<div class=\"elementor-element elementor-element-f59d593 elementor-widget elementor-widget-heading\" data-id=\"f59d593\" data-element_type=\"widget\" data-widget_type=\"heading.default\">\n\t\t\t\t<div class=\"elementor-widget-container\">\n\t\t\t<h2 class=\"elementor-heading-title elementor-size-default\">MEDICINA<\/h2>\t\t<\/div>\n\t\t\t\t<\/div>\n\t\t\t\t<div class=\"elementor-element elementor-element-6fcaead elementor-widget elementor-widget-text-editor\" data-id=\"6fcaead\" data-element_type=\"widget\" data-widget_type=\"text-editor.default\">\n\t\t\t\t<div class=\"elementor-widget-container\">\n\t\t\t\t\t\t\t<p><span style=\"color: #ffffff;\">No acelerado mundo da tecnologia m\u00e9dica, RC Broadcast emerge como um farol de inova\u00e7\u00e3o, fornecendo solu\u00e7\u00f5es de transmiss\u00e3o de sinais de \u00e1udio, v\u00eddeo e outros em ambientes m\u00e9dicos, buscando transformar a maneira como os profissionais de sa\u00fade interagem e colaboram.<\/span><\/p>\t\t\t\t\t\t<\/div>\n\t\t\t\t<\/div>\n\t\t\t\t<\/div>\n\t\t<div class=\"elementor-element elementor-element-acfa83d e-con-full e-flex e-con e-child\" data-id=\"acfa83d\" data-element_type=\"container\">\n\t\t\t\t<div class=\"elementor-element elementor-element-169cdb2 elementor-widget elementor-widget-video\" data-id=\"169cdb2\" data-element_type=\"widget\" data-settings=\"{&quot;video_type&quot;:&quot;hosted&quot;,&quot;controls&quot;:&quot;yes&quot;}\" data-widget_type=\"video.default\">\n\t\t\t\t<div class=\"elementor-widget-container\">\n\t\t\t<style>\/*! elementor - v3.23.0 - 05-08-2024 *\/\n.elementor-widget-video .elementor-widget-container{overflow:hidden;transform:translateZ(0)}.elementor-widget-video .elementor-wrapper{aspect-ratio:var(--video-aspect-ratio)}.elementor-widget-video .elementor-wrapper iframe,.elementor-widget-video .elementor-wrapper video{height:100%;width:100%;display:flex;border:none;background-color:#000}@supports not (aspect-ratio:1\/1){.elementor-widget-video .elementor-wrapper{position:relative;overflow:hidden;height:0;padding-bottom:calc(100% \/ var(--video-aspect-ratio))}.elementor-widget-video .elementor-wrapper iframe,.elementor-widget-video .elementor-wrapper video{position:absolute;top:0;right:0;bottom:0;left:0}}.elementor-widget-video .elementor-open-inline .elementor-custom-embed-image-overlay{position:absolute;top:0;right:0;bottom:0;left:0;background-size:cover;background-position:50%}.elementor-widget-video .elementor-custom-embed-image-overlay{cursor:pointer;text-align:center}.elementor-widget-video .elementor-custom-embed-image-overlay:hover .elementor-custom-embed-play i{opacity:1}.elementor-widget-video .elementor-custom-embed-image-overlay img{display:block;width:100%;aspect-ratio:var(--video-aspect-ratio);-o-object-fit:cover;object-fit:cover;-o-object-position:center center;object-position:center center}@supports not (aspect-ratio:1\/1){.elementor-widget-video .elementor-custom-embed-image-overlay{position:relative;overflow:hidden;height:0;padding-bottom:calc(100% \/ var(--video-aspect-ratio))}.elementor-widget-video .elementor-custom-embed-image-overlay img{position:absolute;top:0;right:0;bottom:0;left:0}}.elementor-widget-video .e-hosted-video .elementor-video{-o-object-fit:cover;object-fit:cover}.e-con-inner>.elementor-widget-video,.e-con>.elementor-widget-video{width:var(--container-widget-width);--flex-grow:var(--container-widget-flex-grow)}<\/style>\t\t<div class=\"e-hosted-video elementor-wrapper elementor-open-inline\">\n\t\t\t\t\t<video class=\"elementor-video\" src=\"https:\/\/rcbroadcast.com.br\/wp-content\/uploads\/2024\/09\/MedMod-1-1.mp4\" controls=\"\" preload=\"metadata\" controlsList=\"nodownload\"><\/video>\n\t\t\t\t<\/div>\n\t\t\t\t<\/div>\n\t\t\t\t<\/div>\n\t\t\t\t<\/div>\n\t\t\t\t\t<\/div>\n\t\t\t\t<\/div>\n\t\t<div class=\"elementor-element elementor-element-0d2ab0e e-grid e-con-boxed e-con e-parent\" data-id=\"0d2ab0e\" data-element_type=\"container\">\n\t\t\t\t\t<div class=\"e-con-inner\">\n\t\t\t\t<div class=\"elementor-element elementor-element-2746a55 elementor-widget elementor-widget-heading\" data-id=\"2746a55\" data-element_type=\"widget\" data-widget_type=\"heading.default\">\n\t\t\t\t<div class=\"elementor-widget-container\">\n\t\t\t<h2 class=\"elementor-heading-title elementor-size-default\">Trabalhos Realizados<\/h2>\t\t<\/div>\n\t\t\t\t<\/div>\n\t\t\t\t\t<\/div>\n\t\t\t\t<\/div>\n\t\t<div class=\"elementor-element elementor-element-d726248 e-flex e-con-boxed e-con e-parent\" data-id=\"d726248\" data-element_type=\"container\">\n\t\t\t\t\t<div class=\"e-con-inner\">\n\t\t\t\t<div class=\"elementor-element elementor-element-b44bbee elementor-widget elementor-widget-image\" data-id=\"b44bbee\" data-element_type=\"widget\" data-widget_type=\"image.default\">\n\t\t\t\t<div class=\"elementor-widget-container\">\n\t\t\t\t\t\t\t\t\t\t\t\t\t\t<a href=\"https:\/\/rcbroadcast.com.br\/index.php\/trabalhos-realizados\/\">\n\t\t\t\t\t\t\t<img loading=\"lazy\" decoding=\"async\" width=\"1536\" height=\"480\" src=\"https:\/\/rcbroadcast.com.br\/wp-content\/uploads\/2024\/12\/trabalhos-realizados-1536x480.jpg\" class=\"attachment-1536x1536 size-1536x1536 wp-image-231\" alt=\"\" srcset=\"https:\/\/rcbroadcast.com.br\/wp-content\/uploads\/2024\/12\/trabalhos-realizados-1536x480.jpg 1536w, https:\/\/rcbroadcast.com.br\/wp-content\/uploads\/2024\/12\/trabalhos-realizados-300x94.jpg 300w, https:\/\/rcbroadcast.com.br\/wp-content\/uploads\/2024\/12\/trabalhos-realizados-1024x320.jpg 1024w, https:\/\/rcbroadcast.com.br\/wp-content\/uploads\/2024\/12\/trabalhos-realizados-768x240.jpg 768w, https:\/\/rcbroadcast.com.br\/wp-content\/uploads\/2024\/12\/trabalhos-realizados-1320x413.jpg 1320w, https:\/\/rcbroadcast.com.br\/wp-content\/uploads\/2024\/12\/trabalhos-realizados.jpg 1600w\" sizes=\"(max-width: 1536px) 100vw, 1536px\" \/>\t\t\t\t\t\t\t\t<\/a>\n\t\t\t\t\t\t\t\t\t\t\t\t\t<\/div>\n\t\t\t\t<\/div>\n\t\t\t\t\t<\/div>\n\t\t\t\t<\/div>\n\t\t\t\t<\/div>\n\t\t","protected":false},"excerpt":{"rendered":"<p>L\u00edder em solu\u00e7\u00f5es de broadcast, oferecemos&nbsp;produtos e servi\u00e7os de alta qualidade para&nbsp;transmiss\u00e3o de \u00e1udio, dados e v\u00eddeo. Nossa equipe experiente garante tecnologia avan\u00e7ada&nbsp;e solu\u00e7\u00f5es personalizadas, como equipamentos&nbsp;de ilumina\u00e7\u00e3o, trilhos motorizados para cam\u00earas&nbsp;PTZ, automa\u00e7\u00e3o de c\u00e2meras e cen\u00e1rios para&nbsp;podcasts. Focamos na satisfa\u00e7\u00e3o do cliente com&nbsp;consultoria, instala\u00e7\u00e3o e suporte t\u00e9cnico de&nbsp;excel\u00eancia. Produtos mais vendidos LUME-64-WW-W-DMX LUME LED [&hellip;]<\/p>\n","protected":false},"author":1,"featured_media":0,"parent":0,"menu_order":0,"comment_status":"closed","ping_status":"closed","template":"elementor_header_footer","meta":{"ocean_post_layout":"","ocean_both_sidebars_style":"","ocean_both_sidebars_content_width":0,"ocean_both_sidebars_sidebars_width":0,"ocean_sidebar":"","ocean_second_sidebar":"","ocean_disable_margins":"enable","ocean_add_body_class":"","ocean_shortcode_before_top_bar":"","ocean_shortcode_after_top_bar":"","ocean_shortcode_before_header":"","ocean_shortcode_after_header":"","ocean_has_shortcode":"","ocean_shortcode_after_title":"","ocean_shortcode_before_footer_widgets":"","ocean_shortcode_after_footer_widgets":"","ocean_shortcode_before_footer_bottom":"","ocean_shortcode_after_footer_bottom":"","ocean_display_top_bar":"default","ocean_display_header":"default","ocean_header_style":"","ocean_center_header_left_menu":"","ocean_custom_header_template":"","ocean_custom_logo":0,"ocean_custom_retina_logo":0,"ocean_custom_logo_max_width":0,"ocean_custom_logo_tablet_max_width":0,"ocean_custom_logo_mobile_max_width":0,"ocean_custom_logo_max_height":0,"ocean_custom_logo_tablet_max_height":0,"ocean_custom_logo_mobile_max_height":0,"ocean_header_custom_menu":"","ocean_menu_typo_font_family":"","ocean_menu_typo_font_subset":"","ocean_menu_typo_font_size":0,"ocean_menu_typo_font_size_tablet":0,"ocean_menu_typo_font_size_mobile":0,"ocean_menu_typo_font_size_unit":"px","ocean_menu_typo_font_weight":"","ocean_menu_typo_font_weight_tablet":"","ocean_menu_typo_font_weight_mobile":"","ocean_menu_typo_transform":"","ocean_menu_typo_transform_tablet":"","ocean_menu_typo_transform_mobile":"","ocean_menu_typo_line_height":0,"ocean_menu_typo_line_height_tablet":0,"ocean_menu_typo_line_height_mobile":0,"ocean_menu_typo_line_height_unit":"","ocean_menu_typo_spacing":0,"ocean_menu_typo_spacing_tablet":0,"ocean_menu_typo_spacing_mobile":0,"ocean_menu_typo_spacing_unit":"","ocean_menu_link_color":"","ocean_menu_link_color_hover":"","ocean_menu_link_color_active":"","ocean_menu_link_background":"","ocean_menu_link_hover_background":"","ocean_menu_link_active_background":"","ocean_menu_social_links_bg":"","ocean_menu_social_hover_links_bg":"","ocean_menu_social_links_color":"","ocean_menu_social_hover_links_color":"","ocean_disable_title":"default","ocean_disable_heading":"default","ocean_post_title":"","ocean_post_subheading":"","ocean_post_title_style":"","ocean_post_title_background_color":"","ocean_post_title_background":0,"ocean_post_title_bg_image_position":"","ocean_post_title_bg_image_attachment":"","ocean_post_title_bg_image_repeat":"","ocean_post_title_bg_image_size":"","ocean_post_title_height":0,"ocean_post_title_bg_overlay":0.5,"ocean_post_title_bg_overlay_color":"","ocean_disable_breadcrumbs":"default","ocean_breadcrumbs_color":"","ocean_breadcrumbs_separator_color":"","ocean_breadcrumbs_links_color":"","ocean_breadcrumbs_links_hover_color":"","ocean_display_footer_widgets":"default","ocean_display_footer_bottom":"default","ocean_custom_footer_template":"","footnotes":""},"class_list":["post-14","page","type-page","status-publish","hentry","entry"],"_links":{"self":[{"href":"https:\/\/rcbroadcast.com.br\/index.php\/wp-json\/wp\/v2\/pages\/14","targetHints":{"allow":["GET"]}}],"collection":[{"href":"https:\/\/rcbroadcast.com.br\/index.php\/wp-json\/wp\/v2\/pages"}],"about":[{"href":"https:\/\/rcbroadcast.com.br\/index.php\/wp-json\/wp\/v2\/types\/page"}],"author":[{"embeddable":true,"href":"https:\/\/rcbroadcast.com.br\/index.php\/wp-json\/wp\/v2\/users\/1"}],"replies":[{"embeddable":true,"href":"https:\/\/rcbroadcast.com.br\/index.php\/wp-json\/wp\/v2\/comments?post=14"}],"version-history":[{"count":25,"href":"https:\/\/rcbroadcast.com.br\/index.php\/wp-json\/wp\/v2\/pages\/14\/revisions"}],"predecessor-version":[{"id":237,"href":"https:\/\/rcbroadcast.com.br\/index.php\/wp-json\/wp\/v2\/pages\/14\/revisions\/237"}],"wp:attachment":[{"href":"https:\/\/rcbroadcast.com.br\/index.php\/wp-json\/wp\/v2\/media?parent=14"}],"curies":[{"name":"wp","href":"https:\/\/api.w.org\/{rel}","templated":true}]}}